= -86 - b. Suppose -4*g - a + 6*a = -y, -3*a - 84 = -3*g. What is the remainder when 152 is divided by g?
28
Let g be 4 + (7/(-3) - 3/(-9)). Suppose g*o - 30 + 10 = 0. Suppose o*n = 15*n - 180. What is the remainder when 71 is divided by n?
35
Let i = -10 - 61. Let p = i - -92. What is the remainder when 57 is divided by p?
15
Suppose -28*f + 1862 = -3402. Let n = f - 162. Suppose -4*x + 186 = z + z, -201 = -4*x + z. Calculate the remainder when x is divided by n.
23
Let t = 29 - 41. Calculate the remainder when 134 is divided by (119/(-42))/(2/t).
15
Let q(t) = t**2 - 3*t - 3. Suppose -3*d = -5*c + 2*d + 150, -c - 4*d + 5 = 0. Let g(h) = -h**2 + 23*h + 66. What is the remainder when g(c) is divided by q(-2)?
2
Let d be -2 + (-34)/68*(-12 + 0). What is the remainder when 47 is divided by (50/6 - 3/9)*d?
15
Let i(d) = -19*d**2 - 1. Let r be i(-1). Let f = 7 - r. What is the remainder when f is divided by 2 + -4 + 4*27/12?
6
Suppose -1572 = -4*t - 66*q + 68*q, -4*t = 2*q - 1596. Calculate the remainder when t is divided by 97.
8
Suppose -5*c + 15 - 221 = -4*u, -u - 5*c = -64. Suppose 37*s + 2*d - 50 = 34*s, 4*d - 2 = s. Calculate the remainder when (0 - 2 - -2) + u is divided by s.
12
Let t be (-10)/4*(-8)/(-10). Let o be ((-25)/(-2) + t)*(-80)/(-6). Let n = 202 - o. What is the remainder when n is divided by 6?
2
Suppose 21*q - 11592 = -21*q. Suppose 6*w = q - 228. Let x(r) = 35*r**2. Calculate the remainder when x(1) is divided by w.
3
Let m = -34 - -73. Suppose 0 = 2*x - 4*w - 88, 3*w = 2*x + w - 84. Suppose t = -4*t + x. What is the remainder when m is divided by t?
7
Let x = -3493 + 3495. What is the remainder when 157 is divided by x?
1
Suppose 33*w - 35*w + d = -194, 97 = w + 2*d. Suppose -3*v = 4*c - 7*c - 3, -12 = 3*c. Let s(b) = 4*b**2 + b. Calculate the remainder when w is divided by s(v).
31
Suppose -643 = 7*t - 13*t - 5*u, -2*u = -t + 110. What is the remainder when 855 is divided by t?
99
Calculate the remainder when 3221 is divided by ((-14)/6)/((-6)/((-432)/(-56))) - -126.
125
Suppose 0 = -48*o + 81*o - 41*o + 112. What is the remainder when 4808 is divided by o?
6
Suppose 89 = 4*i + 5*p, -4*p + 21 + 79 = 5*i. Calculate the remainder when 2191 is divided by i.
15
Let o = 8833 + -8751. What is the remainder when 736 is divided by o?
80
Suppose -29*k + 35 = -22*k. Suppose -19 = -z + 3*y, -2*z + 71 = -0*z + k*y. Suppose 5*j = 345 + 70. What is the remainder when j is divided by z?
27
Let g(d) = d**2 + 10*d - 30. Let r be g(-13). Let p(m) = -2*m**2 + 19*m + 9. Calculate the remainder when p(r) is divided by 3/(-12) + (-34)/(-8).
2
Suppose 0*x + 5*x = -x. Suppose 27 = y + 2*j + 2*j, x = -4*y - 4*j + 84. Calculate the remainder when 48 is divided by y.
10
Let g(n) be the first derivative of -n**4/4 - 4*n**3 - 6*n**2 + 19*n - 32. Calculate the remainder when 140 is divided by g(-11).
20
Let l = -3 - -109. Let g = 1928 + -1892. What is the remainder when l is divided by g?
34
Let m(j) = -16*j + 75. Let d(v) = 3*v**2 + 13*v - 14. Let i be d(-10). Suppose t - 7*t + i = 0. Calculate the remainder when m(0) is divided by t.
23
Suppose 136 = -19*v + 1865. Calculate the remainder when 521 is divided by v.
66
Let m(j) = j**3 - 2*j**2 - 14*j + 107. Calculate the remainder when m(7) is divided by 29.
22
What is the remainder when 14/(-1)*(-4 - (-2117)/(-58)) is divided by 115?
107
Suppose -9*z + t - 71 = -14*z, 2*t - 2 = 0. Calculate the remainder when 129 is divided by z.
3
Suppose -8*v + 324 = -76. Let a = -177 - -376. Calculate the remainder when a is divided by v.
49
Let g(c) = -2*c**2 - 33*c + 9. Let m be g(-8). Suppose -o - 107 = -2*j - 2*j, 0 = -5*j - o + m. Calculate the remainder when j is divided by 12.
4
Let w be (3/7 - (-195)/(-210))*-6. Suppose -2*z = r - 5*r + 444, z - 333 = -w*r. Calculate the remainder when r is divided by 58.
53
Let a(o) be the second derivative of o**4/4 - 37*o**3/6 - 55*o**2/2 - 169*o. Suppose 0 = 3*t - 152 - 115. What is the remainder when t is divided by a(14)?
14
Calculate the remainder when ((-376)/(-40) - -2)/((-2 - -5)/825) is divided by 347.
12
Suppose 2*d + 9 + 6 = y, 110 = 4*y + 2*d. What is the remainder when 398 is divided by -16 + 15 - (-1 - y)?
23
Let x(v) = v**3 + 11*v**2 - 28*v - 16. Let t be x(-13). Suppose j = -4*q + t, 2*q - 14 = -4*j + 54. Calculate the remainder when 70 is divided by j.
16
Let g(n) = -n**2 - 6*n - 17. Let v be g(-5). Let q = v + 18. Let d(y) = 4*y - 16. What is the remainder when 45 is divided by d(q)?
5
Suppose -c + 255 - 44 = 0. Suppose -c - 673 = r. Calculate the remainder when 37 is divided by r/(-65) + (-3)/5.
11
Let c be 1809/351 - ((-12)/26)/(-3). Suppose -2*v = 3*s - 152, -c*s = -5*v + 2*v - 228. Calculate the remainder when s is divided by 36.
12
Suppose 28*i + 3919 = 66*i - 8431. What is the remainder when i is divided by 123?
79
Suppose -8*f + 10*f - 1356 = 0. Let v = -638 + f. What is the remainder when v is divided by -33*(10/6 + -2)?
7
Let l = -14092 - -14385. What is the remainder when l is divided by 74?
71
Suppose r - 4008 = -5*v, -826 + 3228 = 3*v + 2*r. Suppose -v = -4*w - 718. Calculate the remainder when 144 is divided by w.
18
Suppose 154*j = 2245 - 9637. Let g(m) = -8*m**2 - m + 1. Let t be g(3). Let r = j - t. What is the remainder when 127 is divided by r?
23
Let y(p) = 1098*p - 5475. What is the remainder when 266 is divided by y(5)?
11
Let r = -519 + 1043. Calculate the remainder when r is divided by 173.
5
Let b(u) = 67*u**2 - 26*u + 1. Calculate the remainder when b(2) is divided by 69.
10
Suppose -2 + 6 = -4*v, -2*v = 2*t - 260. What is the remainder when 7072 is divided by t?
129
Let q = 619 - 578. Let h(p) = -p**2 + 2*p - 8. Let z be h(6). Let k = z + q. Calculate the remainder when k is divided by 4.
1
Let w be (-2)/(((-4)/(-14))/(28/49)). What is the remainder when (-539)/w - 10/(-8) is divided by 23?
21
Let f be (0 + -1)/(8 + -7). What is the remainder when f/(2 - 4) - 362/(-4) is divided by 24?
19
What is the remainder when -5 + (36 + 0)/(-9) - -200 is divided by 90?
11
Let q(g) = -18*g - 45. What is the remainder when q(-11) is divided by 33?
21
Let o be 1/(-4)*-10*(-78)/(-65). Let h = 35 - 7. What is the remainder when (-2 - (-14)/o)*(-486)/(-24) is divided by h?
26
Let i be 1/(-6 - -254*(-4)/(-168)). Suppose -i*b + 2102 = 569. Calculate the remainder when b is divided by 2.
1
Suppose -5342*l = -5339*l - 9. Calculate the remainder when 1705 is divided by l.
1
Suppose 128*q - 301*q = -77504. What is the remainder when q is divided by 104?
32
Let d(r) = 18*r**2 - 3*r + 3. Let x = -109 - -113. Suppose 0 = 3*q - 5*g + 17, x*q + 2*g = 3*g. Calculate the remainder when 49 is divided by d(q).
13
Suppose 0 = 3*k - k - 8. Let x(v) = 12*v - 444. Let r be x(37). Suppose a = -k*a + 20, -3*o - 2*a + 56 = r. Calculate the remainder when o is divided by 11.
5
Suppose 0*v = o - 3*v + 3, -3*v + 15 = 3*o. Let i be -1 - o - (-10 + -2). Suppose i*n = 3*n + 75. What is the remainder when 43 is divided by n?
13
Let t(q) = -9*q + 14. Let v be t(-6). Suppose -v = -7*m - 5. Calculate the remainder when 33 is divided by m - (-7)/(35/(-10)).
5
What is the remainder when 1/((-2)/(-234)) - (58 + -54) is divided by (-236)/(-6) + 0 - (-2)/(-6)?
35
Suppose 17*g - 10705 = -1865. What is the remainder when g is divided by 503?
17
Calculate the remainder when (-28)/2*1/(18/(-30069)) is divided by 113.
109
Suppose 45*x - 10728 = 6507. What is the remainder when x is divided by 24?
23
Suppose -5*k + 5*y - 781 = -6*k, -2*k + 1497 = -3*y. Suppose -2*t + 291 = -5*n, 5*t + 4*n - 7*n = k. Calculate the remainder when t is divided by 79.
74
Let u(z) = -4*z**3 + 12*z**2 + 22*z - 40. Calculate the remainder when u(-9) is divided by 159.
152
Suppose 23*z = 1473 + 219 + 746. What is the remainder when z is divided by 8?
2
Suppose 0*a = 3*a. Suppose s = -5, 4*z + a*s = -3*s + 121. Suppose 5*y - v - 666 = 0, 5*y - 82 - 582 = -v. What is the remainder when y is divided by z?
31
Suppose -13 = -2*g - x - 3, 0 = 3*g - 5*x - 2. Suppose 2*l - 24 - 34 = -3*w, 138 = g*l - 5*w. Calculate the remainder when 61 is divided by l.
29
Let k(u) = -108*u - 78. Let x = 115 - 53. Calculate the remainder when k(-3) is divided by x.
60
Calculate the remainder when (394 - (5 + -4) - 3) + (24 - 18) is d